{"id":509,"date":"2020-05-07T05:46:00","date_gmt":"2020-05-07T03:46:00","guid":{"rendered":"https:\/\/dl-nordwest.com\/?page_id=509"},"modified":"2026-01-26T05:35:48","modified_gmt":"2026-01-26T04:35:48","slug":"kenwood-th-d74","status":"publish","type":"page","link":"https:\/\/dl-nordwest.com\/index.php\/anleitungen\/downloads-kenwood\/kenwood-th-d74\/","title":{"rendered":"KENWOOD TH-D74E"},"content":{"rendered":"\n<p><strong>Downloads zum KENWOOD TH-D74E<\/strong><\/p>\n\n\n\n<div class=\"wp-block-group ticss-2d1621af has-light-pink-background-color has-background\"><div class=\"wp-block-group__inner-container is-layout-constrained wp-block-group-is-layout-constrained\">\n<p><strong>Repeaterlisten<\/strong> und <strong>Ger\u00e4teeinstellungen<\/strong> k\u00f6nnen auf der Webseite des OV-Wertheim A23 heruntergeladen werden:<\/p>\n\n\n\n<ul class=\"wp-block-list\">\n<li><a href=\"https:\/\/a23-wertheim.de\/downloads\/d-star\/repeater-listen\" target=\"_blank\" rel=\"noreferrer noopener\">D-STAR Repeater-\/Relaislisten<\/a><\/li>\n\n\n\n<li><a href=\"https:\/\/a23-wertheim.de\/downloads\/d-star\/settings-fuer-kenwood\" target=\"_blank\" rel=\"noreferrer noopener\">Ger\u00e4te Einstellungen KENWOOD<\/a><\/li>\n<\/ul>\n<\/div><\/div>\n\n\n\n<div style=\"height:40px\" aria-hidden=\"true\" class=\"wp-block-spacer\"><\/div>\n\n\n\n<div class=\"wp-block-group ticss-2d1621af has-white-color has-medium-pink-background-color has-text-color has-background has-link-color wp-elements-5fc1c84b0c240f48905d5abd6caefdc6\"><div class=\"wp-block-group__inner-container is-layout-constrained wp-block-group-is-layout-constrained\">\n<p><strong>Hinweis<\/strong>:<\/p>\n\n\n\n<p>Vor dem Firmware-Update ist unbedingt eine Sicherung von euren Einstellungen und Speicherkan\u00e4le zu erstellen, da das Firmware-Update das vollst\u00e4ndige Zur\u00fccksetzen des Funkger\u00e4tes (auf Werkseinstellungen) erfordert. Die Sicherung k\u00f6nnt ihr mit dem Memory Control Program (Programmiersoftware) vornehmen.<\/p>\n<\/div><\/div>\n\n\n\n<div style=\"height:40px\" aria-hidden=\"true\" class=\"wp-block-spacer\"><\/div>\n\n\n\n<ul class=\"wp-block-list\">\n<li>Firmware + Aktualisierungssoftware: <a href=\"https:\/\/www.kenwood.com\/i\/products\/info\/amateur\/thd74_update_e.html\" target=\"_blank\" rel=\"noreferrer noopener\">v1.11 (26.08.2020)<\/a> | <a href=\"http:\/\/www.ok1ti.cz\/w-rigmanuals\/kenwood\/th-d74\/FW\/TH-D74_V111_E.zip\" target=\"_blank\" rel=\"noreferrer noopener\">OK1TI<\/a> | <a href=\"http:\/\/ct1ebq.com\/wp-content\/uploads\/2021\/07\/TH-D74_V111_E.zip\" target=\"_blank\" rel=\"noreferrer noopener\">CT1EBQ<\/a><\/li>\n\n\n\n<li>Programmiersoftware: <a href=\"https:\/\/www.kenwood.com\/i\/products\/info\/amateur\/mcpd74_e.html\" target=\"_blank\" rel=\"noreferrer noopener\">v1.03 (27.12.2017)<\/a><\/li>\n\n\n\n<li>Fernbedienungssoftware: <a href=\"https:\/\/www.kenwood.com\/i\/products\/info\/amateur\/arfcd74_e.html\" target=\"_blank\" rel=\"noreferrer noopener\">v1.01 (21.12.2016)<\/a><\/li>\n\n\n\n<li>USB-Treiber: <a href=\"https:\/\/www.kenwood.com\/i\/products\/info\/amateur\/thd74_vcp_e.html\" target=\"_blank\" rel=\"noreferrer noopener\">v1.00 (16.09.2016)<\/a><\/li>\n<\/ul>\n\n\n\n<div class=\"sdm_download_item \"><div class=\"sdm_download_item_top\"><div class=\"sdm_download_thumbnail\"><\/div><div class=\"sdm_download_title\">TH-D74 Handbuch deutsch<\/div><\/div><div style=\"clear:both;\"><\/div><div class=\"sdm_download_description\"><\/div><div class=\"sdm_download_size\"><span class=\"sdm_download_size_label\">Gr\u00f6\u00dfe: <\/span><span class=\"sdm_download_size_value\">5.98 MB<\/span><\/div><div class=\"sdm_download_link\"><span class=\"sdm_download_button\"><a href=\"https:\/\/dl-nordwest.com\/?sdm_process_download=1&download_id=515\" class=\"sdm_download blue\" title=\"TH-D74 Handbuch deutsch\" target=\"_blank\">Jetzt herunterladen!<\/a><\/span><\/div><\/div><div class=\"sdm_clear_float\"><\/div>\n\n\n\n<div style=\"height:40px\" aria-hidden=\"true\" class=\"wp-block-spacer\"><\/div>\n\n\n\n<p><em>Weitere Informationen und Anleitungen zum KENWOOD TH-D74 findet ihr auf der deutschen <a href=\"https:\/\/www.kenwood.de\/comm\/amateur\/vhf_uhf\/TH-D74E\/\" target=\"_blank\" rel=\"noreferrer noopener\"><strong>KENWOOD<\/strong><\/a> Seite.<\/em><\/p>\n\n\n\n<div class=\"wp-block-group\"><div class=\"wp-block-group__inner-container is-layout-constrained wp-block-group-is-layout-constrained\">\n<div class=\"wp-block-group\"><div class=\"wp-block-group__inner-container is-layout-constrained wp-block-group-is-layout-constrained\">\n<hr class=\"wp-block-separator has-alpha-channel-opacity\"\/>\n\n\n\n<h4 class=\"wp-block-heading\">Beitr\u00e4ge zum KENWOOD TH-D74E<\/h4>\n<\/div><\/div>\n\n\n<ul class=\"wp-block-latest-posts__list has-dates wp-block-latest-posts\"><li><div class=\"wp-block-latest-posts__featured-image alignleft\"><a href=\"https:\/\/dl-nordwest.com\/index.php\/2024\/06\/16\/ft8-und-ft4-unter-linux-mit-dem-kenwood-th-d74-75\/\" aria-label=\"FT8 und FT4 unter Linux mit dem KENWOOD TH-D74\/75\"><img loading=\"lazy\" decoding=\"async\" width=\"300\" height=\"184\" src=\"https:\/\/dl-nordwest.com\/wp-content\/uploads\/2024\/06\/kenwood_th-d75-ft8_title-300x184.jpg\" class=\"attachment-medium size-medium wp-post-image\" alt=\"\" style=\"\" srcset=\"https:\/\/dl-nordwest.com\/wp-content\/uploads\/2024\/06\/kenwood_th-d75-ft8_title-300x184.jpg 300w, https:\/\/dl-nordwest.com\/wp-content\/uploads\/2024\/06\/kenwood_th-d75-ft8_title-768x472.jpg 768w, https:\/\/dl-nordwest.com\/wp-content\/uploads\/2024\/06\/kenwood_th-d75-ft8_title-825x510.jpg 825w, https:\/\/dl-nordwest.com\/wp-content\/uploads\/2024\/06\/kenwood_th-d75-ft8_title.jpg 968w\" sizes=\"auto, (max-width: 300px) 100vw, 300px\" \/><\/a><\/div><a class=\"wp-block-latest-posts__post-title\" href=\"https:\/\/dl-nordwest.com\/index.php\/2024\/06\/16\/ft8-und-ft4-unter-linux-mit-dem-kenwood-th-d74-75\/\">FT8 und FT4 unter Linux mit dem KENWOOD TH-D74\/75<\/a><time datetime=\"2024-06-16T09:30:00+02:00\" class=\"wp-block-latest-posts__post-date\">16. Juni 2024<\/time><\/li>\n<li><div class=\"wp-block-latest-posts__featured-image alignleft\"><a href=\"https:\/\/dl-nordwest.com\/index.php\/2024\/03\/17\/b-b-link-kenwood-th-d74-75-mit-der-aprs-fi-app-auf-dem-iphone-verbinden\/\" aria-label=\"B.B.Link: Kenwood TH-D74\/75 mit der aprs.fi App auf dem iPhone verbinden\"><img loading=\"lazy\" decoding=\"async\" width=\"300\" height=\"184\" src=\"https:\/\/dl-nordwest.com\/wp-content\/uploads\/2024\/03\/bblink_title-300x184.jpg\" class=\"attachment-medium size-medium wp-post-image\" alt=\"\" style=\"\" srcset=\"https:\/\/dl-nordwest.com\/wp-content\/uploads\/2024\/03\/bblink_title-300x184.jpg 300w, https:\/\/dl-nordwest.com\/wp-content\/uploads\/2024\/03\/bblink_title-768x472.jpg 768w, https:\/\/dl-nordwest.com\/wp-content\/uploads\/2024\/03\/bblink_title-825x510.jpg 825w, https:\/\/dl-nordwest.com\/wp-content\/uploads\/2024\/03\/bblink_title.jpg 968w\" sizes=\"auto, (max-width: 300px) 100vw, 300px\" \/><\/a><\/div><a class=\"wp-block-latest-posts__post-title\" href=\"https:\/\/dl-nordwest.com\/index.php\/2024\/03\/17\/b-b-link-kenwood-th-d74-75-mit-der-aprs-fi-app-auf-dem-iphone-verbinden\/\">B.B.Link: Kenwood TH-D74\/75 mit der aprs.fi App auf dem iPhone verbinden<\/a><time datetime=\"2024-03-17T09:30:00+01:00\" class=\"wp-block-latest-posts__post-date\">17. M\u00e4rz 2024<\/time><\/li>\n<li><div class=\"wp-block-latest-posts__featured-image alignleft\"><a href=\"https:\/\/dl-nordwest.com\/index.php\/2023\/11\/12\/th-d74-mit-aprs-fi-auf-dem-iphone-koppeln\/\" aria-label=\"TH-D74 mit aprs.fi auf dem iPhone koppeln\"><img loading=\"lazy\" decoding=\"async\" width=\"300\" height=\"184\" src=\"https:\/\/dl-nordwest.com\/wp-content\/uploads\/2024\/01\/ble-bt-tnc_title-300x184.jpg\" class=\"attachment-medium size-medium wp-post-image\" alt=\"\" style=\"\" srcset=\"https:\/\/dl-nordwest.com\/wp-content\/uploads\/2024\/01\/ble-bt-tnc_title-300x184.jpg 300w, https:\/\/dl-nordwest.com\/wp-content\/uploads\/2024\/01\/ble-bt-tnc_title-768x472.jpg 768w, https:\/\/dl-nordwest.com\/wp-content\/uploads\/2024\/01\/ble-bt-tnc_title-825x510.jpg 825w, https:\/\/dl-nordwest.com\/wp-content\/uploads\/2024\/01\/ble-bt-tnc_title.jpg 968w\" sizes=\"auto, (max-width: 300px) 100vw, 300px\" \/><\/a><\/div><a class=\"wp-block-latest-posts__post-title\" href=\"https:\/\/dl-nordwest.com\/index.php\/2023\/11\/12\/th-d74-mit-aprs-fi-auf-dem-iphone-koppeln\/\">TH-D74 mit aprs.fi auf dem iPhone koppeln<\/a><time datetime=\"2023-11-12T09:30:00+01:00\" class=\"wp-block-latest-posts__post-date\">12. November 2023<\/time><\/li>\n<li><div class=\"wp-block-latest-posts__featured-image alignleft\"><a href=\"https:\/\/dl-nordwest.com\/index.php\/2023\/09\/24\/unterwegs-mit-dem-kenwood-th-d74e\/\" aria-label=\"Unterwegs mit dem Kenwood TH-D74E\"><img loading=\"lazy\" decoding=\"async\" width=\"300\" height=\"184\" src=\"https:\/\/dl-nordwest.com\/wp-content\/uploads\/2024\/01\/th-d74e_title-300x184.jpg\" class=\"attachment-medium size-medium wp-post-image\" alt=\"\" style=\"\" srcset=\"https:\/\/dl-nordwest.com\/wp-content\/uploads\/2024\/01\/th-d74e_title-300x184.jpg 300w, https:\/\/dl-nordwest.com\/wp-content\/uploads\/2024\/01\/th-d74e_title-768x472.jpg 768w, https:\/\/dl-nordwest.com\/wp-content\/uploads\/2024\/01\/th-d74e_title-825x510.jpg 825w, https:\/\/dl-nordwest.com\/wp-content\/uploads\/2024\/01\/th-d74e_title.jpg 968w\" sizes=\"auto, (max-width: 300px) 100vw, 300px\" \/><\/a><\/div><a class=\"wp-block-latest-posts__post-title\" href=\"https:\/\/dl-nordwest.com\/index.php\/2023\/09\/24\/unterwegs-mit-dem-kenwood-th-d74e\/\">Unterwegs mit dem Kenwood TH-D74E<\/a><time datetime=\"2023-09-24T09:30:00+02:00\" class=\"wp-block-latest-posts__post-date\">24. September 2023<\/time><\/li>\n<\/ul><\/div><\/div>\n","protected":false},"excerpt":{"rendered":"<p>Downloads<\/p>\n","protected":false},"author":1,"featured_media":511,"parent":445,"menu_order":6,"comment_status":"closed","ping_status":"closed","template":"","meta":{"rop_custom_images_group":[],"rop_custom_messages_group":[],"rop_publish_now":"initial","rop_publish_now_accounts":[],"rop_publish_now_history":[],"rop_publish_now_status":"pending","footnotes":""},"class_list":["post-509","page","type-page","status-publish","has-post-thumbnail","hentry"],"_links":{"self":[{"href":"https:\/\/dl-nordwest.com\/index.php\/wp-json\/wp\/v2\/pages\/509","targetHints":{"allow":["GET"]}}],"collection":[{"href":"https:\/\/dl-nordwest.com\/index.php\/wp-json\/wp\/v2\/pages"}],"about":[{"href":"https:\/\/dl-nordwest.com\/index.php\/wp-json\/wp\/v2\/types\/page"}],"author":[{"embeddable":true,"href":"https:\/\/dl-nordwest.com\/index.php\/wp-json\/wp\/v2\/users\/1"}],"replies":[{"embeddable":true,"href":"https:\/\/dl-nordwest.com\/index.php\/wp-json\/wp\/v2\/comments?post=509"}],"version-history":[{"count":1,"href":"https:\/\/dl-nordwest.com\/index.php\/wp-json\/wp\/v2\/pages\/509\/revisions"}],"predecessor-version":[{"id":7401,"href":"https:\/\/dl-nordwest.com\/index.php\/wp-json\/wp\/v2\/pages\/509\/revisions\/7401"}],"up":[{"embeddable":true,"href":"https:\/\/dl-nordwest.com\/index.php\/wp-json\/wp\/v2\/pages\/445"}],"wp:featuredmedia":[{"embeddable":true,"href":"https:\/\/dl-nordwest.com\/index.php\/wp-json\/wp\/v2\/media\/511"}],"wp:attachment":[{"href":"https:\/\/dl-nordwest.com\/index.php\/wp-json\/wp\/v2\/media?parent=509"}],"curies":[{"name":"wp","href":"https:\/\/api.w.org\/{rel}","templated":true}]}}