{"id":39,"date":"2020-03-24T07:02:48","date_gmt":"2020-03-24T06:02:48","guid":{"rendered":"http:\/\/192.168.1.155\/?p=39"},"modified":"2022-11-14T12:29:01","modified_gmt":"2022-11-14T11:29:01","slug":"dmr","status":"publish","type":"page","link":"https:\/\/dl-nordwest.com\/index.php\/dl-nordwest\/die-raeume\/dmr\/","title":{"rendered":"DMR"},"content":{"rendered":"\n<p>Durch Transcodierung gibt es ebenfalls die M\u00f6glichkeit mit einem DMR Ger\u00e4t an DL-Nordwest teil zu nehmen. <em>Hier ist zu beachten, das wir keine M\u00f6glichkeit haben die Lautst\u00e4rke zu regeln, deswegen bitte etwas leiser sprechen.<\/em><\/p>\n\n\n\n<h2 class=\"wp-block-heading\">Brandmeister<\/h2>\n\n\n\n<p>Eine Verbindung aus dem Brandmeister-Netz ist \u00fcber die <strong>TG26429<\/strong> m\u00f6glich.<\/p>\n\n\n\n<h2 class=\"wp-block-heading\">IPSC2 (DMR Plus)<\/h2>\n\n\n\n<p>Eine Verbindung aus dem DMR+ Netz ist aktuell auf fast allen Mastern m\u00f6glich.<strong> <\/strong><\/p>\n\n\n\n<p><strong>IPSC2-DMR-DL,  IPSC2-DL-RPTR, IPSC2-HamCloud und  IPSC2-DL-HOTSPOT, <\/strong> unterst\u00fctzen jetzt \u00fcber <strong>TG8421<\/strong> im Zeitschlitz 2 (TS2) die Verbindung zu DL-Nordwest.<\/p>\n\n\n\n<h2 class=\"wp-block-heading\">Hotspot<\/h2>\n\n\n\n<p>Mit einem Hotspot also entweden \u00fcber BM oder DMR+ oder bitte auf XLX421 D (4004) verbinden.  Besonderheit f\u00fcr den Openspot bitte unter Tipps und Tricks nachlesen.<\/p>\n","protected":false},"excerpt":{"rendered":"<p>Brandmeister und IPSC2<\/p>\n","protected":false},"author":2,"featured_media":440,"parent":20,"menu_order":3,"comment_status":"closed","ping_status":"closed","template":"","meta":{"rop_custom_images_group":[],"rop_custom_messages_group":[],"rop_publish_now":"initial","rop_publish_now_accounts":[],"rop_publish_now_history":[],"rop_publish_now_status":"pending","footnotes":""},"class_list":["post-39","page","type-page","status-publish","has-post-thumbnail","hentry"],"_links":{"self":[{"href":"https:\/\/dl-nordwest.com\/index.php\/wp-json\/wp\/v2\/pages\/39","targetHints":{"allow":["GET"]}}],"collection":[{"href":"https:\/\/dl-nordwest.com\/index.php\/wp-json\/wp\/v2\/pages"}],"about":[{"href":"https:\/\/dl-nordwest.com\/index.php\/wp-json\/wp\/v2\/types\/page"}],"author":[{"embeddable":true,"href":"https:\/\/dl-nordwest.com\/index.php\/wp-json\/wp\/v2\/users\/2"}],"replies":[{"embeddable":true,"href":"https:\/\/dl-nordwest.com\/index.php\/wp-json\/wp\/v2\/comments?post=39"}],"version-history":[{"count":0,"href":"https:\/\/dl-nordwest.com\/index.php\/wp-json\/wp\/v2\/pages\/39\/revisions"}],"up":[{"embeddable":true,"href":"https:\/\/dl-nordwest.com\/index.php\/wp-json\/wp\/v2\/pages\/20"}],"wp:featuredmedia":[{"embeddable":true,"href":"https:\/\/dl-nordwest.com\/index.php\/wp-json\/wp\/v2\/media\/440"}],"wp:attachment":[{"href":"https:\/\/dl-nordwest.com\/index.php\/wp-json\/wp\/v2\/media?parent=39"}],"curies":[{"name":"wp","href":"https:\/\/api.w.org\/{rel}","templated":true}]}}