{"id":33,"date":"2020-03-15T08:48:35","date_gmt":"2020-03-15T07:48:35","guid":{"rendered":"http:\/\/192.168.1.155\/?page_id=33"},"modified":"2025-10-25T04:08:16","modified_gmt":"2025-10-25T02:08:16","slug":"c4fm","status":"publish","type":"page","link":"https:\/\/dl-nordwest.com\/index.php\/dl-nordwest\/die-raeume\/c4fm\/","title":{"rendered":"C4FM"},"content":{"rendered":"\n<p>Zun\u00e4chst das C4FM System f\u00fcr das haupts\u00e4chlich Yaesu Ger\u00e4te Verwendung finden. Hier gibt es einmal das Wires-X Netz mit Yaesu-England selbst als Betreiber. In diesem Wires-X Netz findet ihr den Raum <strong>DL-NORDWEST (27741)<\/strong>. Hierzu ben\u00f6tigt ihr ein Wires-X Relais oder selbst einen HRI-200 zum Einstieg. Seit einiger Zeit ist mit einigen Ger\u00e4ten auch der PDN Modus m\u00f6glich.<\/p>\n\n\n\n<p>Im YSF-Netz das von Jonathan G4KLX entwickelt wurde bitte den Raum <strong>DL-NORDWEST (54919)<\/strong> aufrufen, das funktioniert sowohl \u00fcber Multi-Mode Relais als auch \u00fcber eure privaten Hotspots. Eure Gespr\u00e4che werden automatisch in die anderen Netze \u00fcbertragen. <\/p>\n\n\n\n<p>Als dritter C4FM Bereich ist das <strong>YCS und FCS Netz<\/strong> zu nennen. Falls ihr von dort einsteigen oder mith\u00f6ren m\u00f6chtet, m\u00fcsst ihr euer Funkger\u00e4t auf die <strong>DG-ID 79<\/strong> einstellen.<\/p>\n\n\n\n<p>Achtung: Bei der Betriebsart C4FM unbedingt den DN Modus verwenden! (VW Modus wird nicht in alle anderen Netze \u00fcbertragen) Und bitte keine Anh\u00e4ngsel an euer Rufzeichen \/m \/p oder so etwas f\u00fchren auch zu \u00dcbertragungsfehlern.<\/p>\n","protected":false},"excerpt":{"rendered":"<p>\u00dcber WIRES-X und YSF<\/p>\n","protected":false},"author":2,"featured_media":438,"parent":20,"menu_order":1,"comment_status":"closed","ping_status":"closed","template":"","meta":{"rop_custom_images_group":[],"rop_custom_messages_group":[],"rop_publish_now":"initial","rop_publish_now_accounts":[],"rop_publish_now_history":[],"rop_publish_now_status":"pending","footnotes":""},"class_list":["post-33","page","type-page","status-publish","has-post-thumbnail","hentry"],"_links":{"self":[{"href":"https:\/\/dl-nordwest.com\/index.php\/wp-json\/wp\/v2\/pages\/33","targetHints":{"allow":["GET"]}}],"collection":[{"href":"https:\/\/dl-nordwest.com\/index.php\/wp-json\/wp\/v2\/pages"}],"about":[{"href":"https:\/\/dl-nordwest.com\/index.php\/wp-json\/wp\/v2\/types\/page"}],"author":[{"embeddable":true,"href":"https:\/\/dl-nordwest.com\/index.php\/wp-json\/wp\/v2\/users\/2"}],"replies":[{"embeddable":true,"href":"https:\/\/dl-nordwest.com\/index.php\/wp-json\/wp\/v2\/comments?post=33"}],"version-history":[{"count":1,"href":"https:\/\/dl-nordwest.com\/index.php\/wp-json\/wp\/v2\/pages\/33\/revisions"}],"predecessor-version":[{"id":7916,"href":"https:\/\/dl-nordwest.com\/index.php\/wp-json\/wp\/v2\/pages\/33\/revisions\/7916"}],"up":[{"embeddable":true,"href":"https:\/\/dl-nordwest.com\/index.php\/wp-json\/wp\/v2\/pages\/20"}],"wp:featuredmedia":[{"embeddable":true,"href":"https:\/\/dl-nordwest.com\/index.php\/wp-json\/wp\/v2\/media\/438"}],"wp:attachment":[{"href":"https:\/\/dl-nordwest.com\/index.php\/wp-json\/wp\/v2\/media?parent=33"}],"curies":[{"name":"wp","href":"https:\/\/api.w.org\/{rel}","templated":true}]}}