{"id":3072,"date":"2024-01-09T03:22:40","date_gmt":"2024-01-09T02:22:40","guid":{"rendered":"https:\/\/dl-nordwest.com\/?page_id=3072"},"modified":"2024-01-09T03:26:48","modified_gmt":"2024-01-09T02:26:48","slug":"software-defined-radio-sdr","status":"publish","type":"page","link":"https:\/\/dl-nordwest.com\/index.php\/software-defined-radio-sdr\/","title":{"rendered":"Software-defined radio (SDR)"},"content":{"rendered":"\n<p><strong>Beitr\u00e4ge zu SDR-Empf\u00e4ngern, WebSDRs und Zubeh\u00f6r<\/strong><\/p>\n\n\n<ul class=\"wp-block-latest-posts__list has-dates wp-block-latest-posts\"><li><div class=\"wp-block-latest-posts__featured-image alignleft\"><a href=\"https:\/\/dl-nordwest.com\/index.php\/2026\/02\/22\/kurzwelle-aus-der-hosentasche-mit-kiwisdr-und-der-qiwiq-android-app-weltweit-mithoeren\/\" aria-label=\"Kurzwelle aus der Hosentasche: Mit KiwiSDR und der QiwiQ Android-App weltweit mith\u00f6ren\"><img loading=\"lazy\" decoding=\"async\" width=\"300\" height=\"184\" src=\"https:\/\/dl-nordwest.com\/wp-content\/uploads\/2026\/02\/qiwiq_dl1bir_title-1-300x184.jpg\" class=\"attachment-medium size-medium wp-post-image\" alt=\"\" style=\"\" srcset=\"https:\/\/dl-nordwest.com\/wp-content\/uploads\/2026\/02\/qiwiq_dl1bir_title-1-300x184.jpg 300w, https:\/\/dl-nordwest.com\/wp-content\/uploads\/2026\/02\/qiwiq_dl1bir_title-1-768x472.jpg 768w, https:\/\/dl-nordwest.com\/wp-content\/uploads\/2026\/02\/qiwiq_dl1bir_title-1-825x510.jpg 825w, https:\/\/dl-nordwest.com\/wp-content\/uploads\/2026\/02\/qiwiq_dl1bir_title-1.jpg 968w\" sizes=\"auto, (max-width: 300px) 100vw, 300px\" \/><\/a><\/div><a class=\"wp-block-latest-posts__post-title\" href=\"https:\/\/dl-nordwest.com\/index.php\/2026\/02\/22\/kurzwelle-aus-der-hosentasche-mit-kiwisdr-und-der-qiwiq-android-app-weltweit-mithoeren\/\">Kurzwelle aus der Hosentasche: Mit KiwiSDR und der QiwiQ Android-App weltweit mith\u00f6ren<\/a><time datetime=\"2026-02-22T09:30:00+01:00\" class=\"wp-block-latest-posts__post-date\">22. Februar 2026<\/time><\/li>\n<li><div class=\"wp-block-latest-posts__featured-image alignleft\"><a href=\"https:\/\/dl-nordwest.com\/index.php\/2025\/08\/03\/openwebrx-mit-plugins-individuell-anpassen\/\" aria-label=\"OpenWebRX+ mit Plugins individuell anpassen\"><img loading=\"lazy\" decoding=\"async\" width=\"300\" height=\"184\" src=\"https:\/\/dl-nordwest.com\/wp-content\/uploads\/2025\/07\/openwebrx-plugins_title-300x184.jpg\" class=\"attachment-medium size-medium wp-post-image\" alt=\"\" style=\"\" srcset=\"https:\/\/dl-nordwest.com\/wp-content\/uploads\/2025\/07\/openwebrx-plugins_title-300x184.jpg 300w, https:\/\/dl-nordwest.com\/wp-content\/uploads\/2025\/07\/openwebrx-plugins_title-768x472.jpg 768w, https:\/\/dl-nordwest.com\/wp-content\/uploads\/2025\/07\/openwebrx-plugins_title-825x510.jpg 825w, https:\/\/dl-nordwest.com\/wp-content\/uploads\/2025\/07\/openwebrx-plugins_title.jpg 968w\" sizes=\"auto, (max-width: 300px) 100vw, 300px\" \/><\/a><\/div><a class=\"wp-block-latest-posts__post-title\" href=\"https:\/\/dl-nordwest.com\/index.php\/2025\/08\/03\/openwebrx-mit-plugins-individuell-anpassen\/\">OpenWebRX+ mit Plugins individuell anpassen<\/a><time datetime=\"2025-08-03T09:30:00+02:00\" class=\"wp-block-latest-posts__post-date\">3. August 2025<\/time><\/li>\n<li><div class=\"wp-block-latest-posts__featured-image alignleft\"><a href=\"https:\/\/dl-nordwest.com\/index.php\/2025\/06\/15\/so-bringst-du-m17-in-dein-openwebrx\/\" aria-label=\"So bringst du M17 in dein OpenWebRX+\"><img loading=\"lazy\" decoding=\"async\" width=\"300\" height=\"184\" src=\"https:\/\/dl-nordwest.com\/wp-content\/uploads\/2025\/06\/m17-owrxp_title-300x184.jpg\" class=\"attachment-medium size-medium wp-post-image\" alt=\"\" style=\"\" srcset=\"https:\/\/dl-nordwest.com\/wp-content\/uploads\/2025\/06\/m17-owrxp_title-300x184.jpg 300w, https:\/\/dl-nordwest.com\/wp-content\/uploads\/2025\/06\/m17-owrxp_title-768x472.jpg 768w, https:\/\/dl-nordwest.com\/wp-content\/uploads\/2025\/06\/m17-owrxp_title-825x510.jpg 825w, https:\/\/dl-nordwest.com\/wp-content\/uploads\/2025\/06\/m17-owrxp_title.jpg 968w\" sizes=\"auto, (max-width: 300px) 100vw, 300px\" \/><\/a><\/div><a class=\"wp-block-latest-posts__post-title\" href=\"https:\/\/dl-nordwest.com\/index.php\/2025\/06\/15\/so-bringst-du-m17-in-dein-openwebrx\/\">So bringst du M17 in dein OpenWebRX+<\/a><time datetime=\"2025-06-15T09:30:00+02:00\" class=\"wp-block-latest-posts__post-date\">15. Juni 2025<\/time><\/li>\n<li><div class=\"wp-block-latest-posts__featured-image alignleft\"><a href=\"https:\/\/dl-nordwest.com\/index.php\/2021\/12\/31\/openwebrx\/\" aria-label=\"OpenWebRX\"><img loading=\"lazy\" decoding=\"async\" width=\"300\" height=\"184\" src=\"https:\/\/dl-nordwest.com\/wp-content\/uploads\/2024\/01\/open-wen-rx_title-300x184.jpg\" class=\"attachment-medium size-medium wp-post-image\" alt=\"\" style=\"\" srcset=\"https:\/\/dl-nordwest.com\/wp-content\/uploads\/2024\/01\/open-wen-rx_title-300x184.jpg 300w, https:\/\/dl-nordwest.com\/wp-content\/uploads\/2024\/01\/open-wen-rx_title-768x472.jpg 768w, https:\/\/dl-nordwest.com\/wp-content\/uploads\/2024\/01\/open-wen-rx_title-825x510.jpg 825w, https:\/\/dl-nordwest.com\/wp-content\/uploads\/2024\/01\/open-wen-rx_title.jpg 968w\" sizes=\"auto, (max-width: 300px) 100vw, 300px\" \/><\/a><\/div><a class=\"wp-block-latest-posts__post-title\" href=\"https:\/\/dl-nordwest.com\/index.php\/2021\/12\/31\/openwebrx\/\">OpenWebRX<\/a><time datetime=\"2021-12-31T08:29:49+01:00\" class=\"wp-block-latest-posts__post-date\">31. Dezember 2021<\/time><\/li>\n<\/ul>","protected":false},"excerpt":{"rendered":"<p>Beitr\u00e4ge zu SDR-Empf\u00e4ngern, WebSDRs und Zubeh\u00f6r<\/p>\n","protected":false},"author":1,"featured_media":0,"parent":0,"menu_order":0,"comment_status":"closed","ping_status":"closed","template":"","meta":{"rop_custom_images_group":[],"rop_custom_messages_group":[],"rop_publish_now":"initial","rop_publish_now_accounts":[],"rop_publish_now_history":[],"rop_publish_now_status":"pending","footnotes":""},"class_list":["post-3072","page","type-page","status-publish","hentry"],"_links":{"self":[{"href":"https:\/\/dl-nordwest.com\/index.php\/wp-json\/wp\/v2\/pages\/3072","targetHints":{"allow":["GET"]}}],"collection":[{"href":"https:\/\/dl-nordwest.com\/index.php\/wp-json\/wp\/v2\/pages"}],"about":[{"href":"https:\/\/dl-nordwest.com\/index.php\/wp-json\/wp\/v2\/types\/page"}],"author":[{"embeddable":true,"href":"https:\/\/dl-nordwest.com\/index.php\/wp-json\/wp\/v2\/users\/1"}],"replies":[{"embeddable":true,"href":"https:\/\/dl-nordwest.com\/index.php\/wp-json\/wp\/v2\/comments?post=3072"}],"version-history":[{"count":0,"href":"https:\/\/dl-nordwest.com\/index.php\/wp-json\/wp\/v2\/pages\/3072\/revisions"}],"wp:attachment":[{"href":"https:\/\/dl-nordwest.com\/index.php\/wp-json\/wp\/v2\/media?parent=3072"}],"curies":[{"name":"wp","href":"https:\/\/api.w.org\/{rel}","templated":true}]}}