{"id":1684,"date":"2023-07-07T11:31:56","date_gmt":"2023-07-07T09:31:56","guid":{"rendered":"https:\/\/dl-nordwest.com\/?page_id=1684"},"modified":"2025-01-02T02:15:36","modified_gmt":"2025-01-02T01:15:36","slug":"archiv","status":"publish","type":"page","link":"https:\/\/dl-nordwest.com\/index.php\/archiv\/","title":{"rendered":"Archiv 2022 und \u00e4lter"},"content":{"rendered":"<h3>Hier findet ihr \u00e4ltere Beitr\u00e4ge<\/h3>\n\n<ul class=\"wp-block-latest-posts__list has-dates wp-block-latest-posts\"><li><a class=\"wp-block-latest-posts__post-title\" href=\"https:\/\/dl-nordwest.com\/index.php\/2022\/12\/17\/spenden-button\/\">Spenden Button<\/a><time datetime=\"2022-12-17T14:13:02+01:00\" class=\"wp-block-latest-posts__post-date\">17. Dezember 2022<\/time><\/li>\n<li><a class=\"wp-block-latest-posts__post-title\" href=\"https:\/\/dl-nordwest.com\/index.php\/2022\/11\/15\/hinter-den-kulissen\/\">Hinter den Kulissen \u2026<\/a><time datetime=\"2022-11-15T08:51:31+01:00\" class=\"wp-block-latest-posts__post-date\">15. November 2022<\/time><\/li>\n<li><div class=\"wp-block-latest-posts__featured-image alignleft\"><img loading=\"lazy\" decoding=\"async\" width=\"300\" height=\"184\" src=\"https:\/\/dl-nordwest.com\/wp-content\/uploads\/2024\/01\/s-meter_title2-300x184.jpg\" class=\"attachment-medium size-medium wp-post-image\" alt=\"\" style=\"\" srcset=\"https:\/\/dl-nordwest.com\/wp-content\/uploads\/2024\/01\/s-meter_title2-300x184.jpg 300w, https:\/\/dl-nordwest.com\/wp-content\/uploads\/2024\/01\/s-meter_title2-768x472.jpg 768w, https:\/\/dl-nordwest.com\/wp-content\/uploads\/2024\/01\/s-meter_title2-825x510.jpg 825w, https:\/\/dl-nordwest.com\/wp-content\/uploads\/2024\/01\/s-meter_title2.jpg 968w\" sizes=\"auto, (max-width: 300px) 100vw, 300px\" \/><\/div><a class=\"wp-block-latest-posts__post-title\" href=\"https:\/\/dl-nordwest.com\/index.php\/2022\/11\/07\/analoges-s-meter-fuer-icom-trx\/\">Analoges S-Meter f\u00fcr Icom TRX<\/a><time datetime=\"2022-11-07T16:36:56+01:00\" class=\"wp-block-latest-posts__post-date\">7. November 2022<\/time><\/li>\n<li><a class=\"wp-block-latest-posts__post-title\" href=\"https:\/\/dl-nordwest.com\/index.php\/2022\/09\/15\/ab-sofort-auch-noch-ein-cluster-dl-nordwest\/\">Ab sofort auch noch ein Cluster DL-Nordwest<\/a><time datetime=\"2022-09-15T07:45:34+02:00\" class=\"wp-block-latest-posts__post-date\">15. September 2022<\/time><\/li>\n<li><a class=\"wp-block-latest-posts__post-title\" href=\"https:\/\/dl-nordwest.com\/index.php\/2022\/08\/16\/dl-nordwest-jetzt-doch-analog\/\">DL-Nordwest jetzt doch Analog?<\/a><time datetime=\"2022-08-16T16:18:25+02:00\" class=\"wp-block-latest-posts__post-date\">16. August 2022<\/time><\/li>\n<li><a class=\"wp-block-latest-posts__post-title\" href=\"https:\/\/dl-nordwest.com\/index.php\/2022\/05\/13\/erste-schritte\/\">Erste Schritte<\/a><time datetime=\"2022-05-13T11:23:44+02:00\" class=\"wp-block-latest-posts__post-date\">13. Mai 2022<\/time><\/li>\n<li><a class=\"wp-block-latest-posts__post-title\" href=\"https:\/\/dl-nordwest.com\/index.php\/2022\/04\/03\/xlx421-neuer-server-neue-ip\/\">XLX421: Neuer Server, neue IP<\/a><time datetime=\"2022-04-03T04:57:39+02:00\" class=\"wp-block-latest-posts__post-date\">3. April 2022<\/time><\/li>\n<li><a class=\"wp-block-latest-posts__post-title\" href=\"https:\/\/dl-nordwest.com\/index.php\/2022\/04\/01\/aenderung-der-amateurfunk-verordnung-afuv\/\">April-April: \u00c4nderung der Amateurfunk Verordnung AfuV<\/a><time datetime=\"2022-04-01T04:00:00+02:00\" class=\"wp-block-latest-posts__post-date\">1. April 2022<\/time><\/li>\n<li><a class=\"wp-block-latest-posts__post-title\" href=\"https:\/\/dl-nordwest.com\/index.php\/2022\/01\/25\/dashboard-aenderung-der-url\/\">Dashboard: \u00c4nderung der URL<\/a><time datetime=\"2022-01-25T09:02:07+01:00\" class=\"wp-block-latest-posts__post-date\">25. Januar 2022<\/time><\/li>\n<li><div class=\"wp-block-latest-posts__featured-image alignleft\"><img loading=\"lazy\" decoding=\"async\" width=\"300\" height=\"184\" src=\"https:\/\/dl-nordwest.com\/wp-content\/uploads\/2024\/01\/open-wen-rx_title-300x184.jpg\" class=\"attachment-medium size-medium wp-post-image\" alt=\"\" style=\"\" srcset=\"https:\/\/dl-nordwest.com\/wp-content\/uploads\/2024\/01\/open-wen-rx_title-300x184.jpg 300w, https:\/\/dl-nordwest.com\/wp-content\/uploads\/2024\/01\/open-wen-rx_title-768x472.jpg 768w, https:\/\/dl-nordwest.com\/wp-content\/uploads\/2024\/01\/open-wen-rx_title-825x510.jpg 825w, https:\/\/dl-nordwest.com\/wp-content\/uploads\/2024\/01\/open-wen-rx_title.jpg 968w\" sizes=\"auto, (max-width: 300px) 100vw, 300px\" \/><\/div><a class=\"wp-block-latest-posts__post-title\" href=\"https:\/\/dl-nordwest.com\/index.php\/2021\/12\/31\/openwebrx\/\">OpenWebRX<\/a><time datetime=\"2021-12-31T08:29:49+01:00\" class=\"wp-block-latest-posts__post-date\">31. Dezember 2021<\/time><\/li>\n<li><div class=\"wp-block-latest-posts__featured-image alignleft\"><img loading=\"lazy\" decoding=\"async\" width=\"300\" height=\"184\" src=\"https:\/\/dl-nordwest.com\/wp-content\/uploads\/2024\/01\/go-box_title-300x184.jpg\" class=\"attachment-medium size-medium wp-post-image\" alt=\"\" style=\"\" srcset=\"https:\/\/dl-nordwest.com\/wp-content\/uploads\/2024\/01\/go-box_title-300x184.jpg 300w, https:\/\/dl-nordwest.com\/wp-content\/uploads\/2024\/01\/go-box_title-768x472.jpg 768w, https:\/\/dl-nordwest.com\/wp-content\/uploads\/2024\/01\/go-box_title-825x510.jpg 825w, https:\/\/dl-nordwest.com\/wp-content\/uploads\/2024\/01\/go-box_title.jpg 968w\" sizes=\"auto, (max-width: 300px) 100vw, 300px\" \/><\/div><a class=\"wp-block-latest-posts__post-title\" href=\"https:\/\/dl-nordwest.com\/index.php\/2021\/09\/11\/shack-in-the-box\/\">Shack in the Box<\/a><time datetime=\"2021-09-11T08:07:33+02:00\" class=\"wp-block-latest-posts__post-date\">11. September 2021<\/time><\/li>\n<li><a class=\"wp-block-latest-posts__post-title\" href=\"https:\/\/dl-nordwest.com\/index.php\/2021\/06\/25\/neues-vom-ycs\/\">Neues vom YCS<\/a><time datetime=\"2021-06-25T15:03:01+02:00\" class=\"wp-block-latest-posts__post-date\">25. Juni 2021<\/time><\/li>\n<li><a class=\"wp-block-latest-posts__post-title\" href=\"https:\/\/dl-nordwest.com\/index.php\/2021\/05\/04\/992\/\">Video Chat Room<\/a><time datetime=\"2021-05-04T13:35:21+02:00\" class=\"wp-block-latest-posts__post-date\">4. Mai 2021<\/time><\/li>\n<li><a class=\"wp-block-latest-posts__post-title\" href=\"https:\/\/dl-nordwest.com\/index.php\/2021\/03\/05\/dmr-erweiterung\/\">DMR+ Erweiterung<\/a><time datetime=\"2021-03-05T14:43:56+01:00\" class=\"wp-block-latest-posts__post-date\">5. M\u00e4rz 2021<\/time><\/li>\n<li><a class=\"wp-block-latest-posts__post-title\" href=\"https:\/\/dl-nordwest.com\/index.php\/2021\/02\/22\/software-loesungen\/\">Software L\u00f6sungen<\/a><time datetime=\"2021-02-22T10:56:33+01:00\" class=\"wp-block-latest-posts__post-date\">22. Februar 2021<\/time><\/li>\n<li><div class=\"wp-block-latest-posts__featured-image alignleft\"><img loading=\"lazy\" decoding=\"async\" width=\"300\" height=\"184\" src=\"https:\/\/dl-nordwest.com\/wp-content\/uploads\/2024\/01\/pistar-qrz_title-300x184.jpg\" class=\"attachment-medium size-medium wp-post-image\" alt=\"\" style=\"\" srcset=\"https:\/\/dl-nordwest.com\/wp-content\/uploads\/2024\/01\/pistar-qrz_title-300x184.jpg 300w, https:\/\/dl-nordwest.com\/wp-content\/uploads\/2024\/01\/pistar-qrz_title-768x472.jpg 768w, https:\/\/dl-nordwest.com\/wp-content\/uploads\/2024\/01\/pistar-qrz_title-825x510.jpg 825w, https:\/\/dl-nordwest.com\/wp-content\/uploads\/2024\/01\/pistar-qrz_title.jpg 968w\" sizes=\"auto, (max-width: 300px) 100vw, 300px\" \/><\/div><a class=\"wp-block-latest-posts__post-title\" href=\"https:\/\/dl-nordwest.com\/index.php\/2021\/02\/18\/rufzeichen-anzeige-bei-pi-star\/\">Pi-Star: Rufzeichen mit Link zu qrz.com<\/a><time datetime=\"2021-02-18T07:34:26+01:00\" class=\"wp-block-latest-posts__post-date\">18. Februar 2021<\/time><\/li>\n<li><a class=\"wp-block-latest-posts__post-title\" href=\"https:\/\/dl-nordwest.com\/index.php\/2021\/01\/11\/zum-01-03-2021-hotspot-passwort-noetig\/\">Zum 01.03.2021 Hotspot-Pa\u00dfwort n\u00f6tig!<\/a><time datetime=\"2021-01-11T07:49:03+01:00\" class=\"wp-block-latest-posts__post-date\">11. Januar 2021<\/time><\/li>\n<li><a class=\"wp-block-latest-posts__post-title\" href=\"https:\/\/dl-nordwest.com\/index.php\/2020\/12\/26\/aenderungen-bei-der-dmr-id-registrierung\/\">\u00c4nderungen bei der DMR-ID-Registrierung<\/a><time datetime=\"2020-12-26T08:15:58+01:00\" class=\"wp-block-latest-posts__post-date\">26. Dezember 2020<\/time><\/li>\n<li><a class=\"wp-block-latest-posts__post-title\" href=\"https:\/\/dl-nordwest.com\/index.php\/2020\/11\/02\/schon-wieder-was-neues\/\">Schon wieder was neues<\/a><time datetime=\"2020-11-02T17:52:28+01:00\" class=\"wp-block-latest-posts__post-date\">2. November 2020<\/time><\/li>\n<li><a class=\"wp-block-latest-posts__post-title\" href=\"https:\/\/dl-nordwest.com\/index.php\/2020\/10\/05\/ycs262-79\/\">YCS262-79<\/a><time datetime=\"2020-10-05T06:52:39+02:00\" class=\"wp-block-latest-posts__post-date\">5. Oktober 2020<\/time><\/li>\n<li><a class=\"wp-block-latest-posts__post-title\" href=\"https:\/\/dl-nordwest.com\/index.php\/2020\/09\/06\/es-waechst-und-gedeiht\/\">Es w\u00e4chst und gedeiht &#8230;.<\/a><time datetime=\"2020-09-06T19:07:53+02:00\" class=\"wp-block-latest-posts__post-date\">6. September 2020<\/time><\/li>\n<li><a class=\"wp-block-latest-posts__post-title\" href=\"https:\/\/dl-nordwest.com\/index.php\/2020\/08\/24\/neue-echo-funktion-im-xlx-reflektor\/\">Neue Echo Funktion im XLX Reflektor<\/a><time datetime=\"2020-08-24T06:39:20+02:00\" class=\"wp-block-latest-posts__post-date\">24. August 2020<\/time><\/li>\n<li><a class=\"wp-block-latest-posts__post-title\" href=\"https:\/\/dl-nordwest.com\/index.php\/2020\/07\/29\/update-ysf-reflektoren\/\">Update YSF Reflektoren<\/a><time datetime=\"2020-07-29T07:25:45+02:00\" class=\"wp-block-latest-posts__post-date\">29. Juli 2020<\/time><\/li>\n<li><a class=\"wp-block-latest-posts__post-title\" href=\"https:\/\/dl-nordwest.com\/index.php\/2020\/07\/22\/update-mikrofon-verbot\/\">Update Mikrofon Verbot<\/a><time datetime=\"2020-07-22T08:11:03+02:00\" class=\"wp-block-latest-posts__post-date\">22. Juli 2020<\/time><\/li>\n<li><div class=\"wp-block-latest-posts__featured-image alignleft\"><img loading=\"lazy\" decoding=\"async\" width=\"300\" height=\"184\" src=\"https:\/\/dl-nordwest.com\/wp-content\/uploads\/2024\/01\/xlx_dmr-id_title-300x184.jpg\" class=\"attachment-medium size-medium wp-post-image\" alt=\"\" style=\"\" srcset=\"https:\/\/dl-nordwest.com\/wp-content\/uploads\/2024\/01\/xlx_dmr-id_title-300x184.jpg 300w, https:\/\/dl-nordwest.com\/wp-content\/uploads\/2024\/01\/xlx_dmr-id_title-768x472.jpg 768w, https:\/\/dl-nordwest.com\/wp-content\/uploads\/2024\/01\/xlx_dmr-id_title-825x510.jpg 825w, https:\/\/dl-nordwest.com\/wp-content\/uploads\/2024\/01\/xlx_dmr-id_title.jpg 968w\" sizes=\"auto, (max-width: 300px) 100vw, 300px\" \/><\/div><a class=\"wp-block-latest-posts__post-title\" href=\"https:\/\/dl-nordwest.com\/index.php\/2020\/06\/13\/xlx-tipps\/\">\u00dcbertragung im XLX: So klappt&#8217;s!<\/a><time datetime=\"2020-06-13T16:51:04+02:00\" class=\"wp-block-latest-posts__post-date\">13. Juni 2020<\/time><\/li>\n<li><div class=\"wp-block-latest-posts__featured-image alignleft\"><img loading=\"lazy\" decoding=\"async\" width=\"300\" height=\"184\" src=\"https:\/\/dl-nordwest.com\/wp-content\/uploads\/2024\/01\/ambe-stick_bluedv_title-300x184.jpg\" class=\"attachment-medium size-medium wp-post-image\" alt=\"\" style=\"\" srcset=\"https:\/\/dl-nordwest.com\/wp-content\/uploads\/2024\/01\/ambe-stick_bluedv_title-300x184.jpg 300w, https:\/\/dl-nordwest.com\/wp-content\/uploads\/2024\/01\/ambe-stick_bluedv_title-768x472.jpg 768w, https:\/\/dl-nordwest.com\/wp-content\/uploads\/2024\/01\/ambe-stick_bluedv_title-825x510.jpg 825w, https:\/\/dl-nordwest.com\/wp-content\/uploads\/2024\/01\/ambe-stick_bluedv_title.jpg 968w\" sizes=\"auto, (max-width: 300px) 100vw, 300px\" \/><\/div><a class=\"wp-block-latest-posts__post-title\" href=\"https:\/\/dl-nordwest.com\/index.php\/2020\/06\/09\/der-ambe-chip\/\">QRV mit AMBE\u2122-Stick und BlueDV<\/a><time datetime=\"2020-06-09T08:27:51+02:00\" class=\"wp-block-latest-posts__post-date\">9. Juni 2020<\/time><\/li>\n<li><a class=\"wp-block-latest-posts__post-title\" href=\"https:\/\/dl-nordwest.com\/index.php\/2020\/06\/09\/yaesu-ft-70de-arbeitete-nicht-mit-hotspot\/\">Yaesu FT-70DE arbeitete nicht mit Hotspot!<\/a><time datetime=\"2020-06-09T07:23:10+02:00\" class=\"wp-block-latest-posts__post-date\">9. Juni 2020<\/time><\/li>\n<li><div class=\"wp-block-latest-posts__featured-image alignleft\"><img loading=\"lazy\" decoding=\"async\" width=\"300\" height=\"184\" src=\"https:\/\/dl-nordwest.com\/wp-content\/uploads\/2024\/01\/tm7-el_title-300x184.jpg\" class=\"attachment-medium size-medium wp-post-image\" alt=\"\" style=\"\" srcset=\"https:\/\/dl-nordwest.com\/wp-content\/uploads\/2024\/01\/tm7-el_title-300x184.jpg 300w, https:\/\/dl-nordwest.com\/wp-content\/uploads\/2024\/01\/tm7-el_title-768x472.jpg 768w, https:\/\/dl-nordwest.com\/wp-content\/uploads\/2024\/01\/tm7-el_title-825x510.jpg 825w, https:\/\/dl-nordwest.com\/wp-content\/uploads\/2024\/01\/tm7-el_title.jpg 968w\" sizes=\"auto, (max-width: 300px) 100vw, 300px\" \/><\/div><a class=\"wp-block-latest-posts__post-title\" href=\"https:\/\/dl-nordwest.com\/index.php\/2020\/05\/30\/echolink-android-mit-dem-inrico-tm-7-lautstaerke-anpassen\/\">INRICO TM-7: Lautst\u00e4rke in EchoLink (Android) anpassen<\/a><time datetime=\"2020-05-30T11:32:26+02:00\" class=\"wp-block-latest-posts__post-date\">30. Mai 2020<\/time><\/li>\n<li><a class=\"wp-block-latest-posts__post-title\" href=\"https:\/\/dl-nordwest.com\/index.php\/2020\/05\/29\/bluedv-android-jetzt-auch-mit-c4fm\/\">BlueDV Android \u2013 Jetzt auch mit C4FM<\/a><time datetime=\"2020-05-29T15:56:26+02:00\" class=\"wp-block-latest-posts__post-date\">29. Mai 2020<\/time><\/li>\n<li><div class=\"wp-block-latest-posts__featured-image alignleft\"><img loading=\"lazy\" decoding=\"async\" width=\"300\" height=\"184\" src=\"https:\/\/dl-nordwest.com\/wp-content\/uploads\/2025\/06\/gd77-win_title-300x184.jpg\" class=\"attachment-medium size-medium wp-post-image\" alt=\"\" style=\"\" srcset=\"https:\/\/dl-nordwest.com\/wp-content\/uploads\/2025\/06\/gd77-win_title-300x184.jpg 300w, https:\/\/dl-nordwest.com\/wp-content\/uploads\/2025\/06\/gd77-win_title-768x472.jpg 768w, https:\/\/dl-nordwest.com\/wp-content\/uploads\/2025\/06\/gd77-win_title-825x510.jpg 825w, https:\/\/dl-nordwest.com\/wp-content\/uploads\/2025\/06\/gd77-win_title.jpg 968w\" sizes=\"auto, (max-width: 300px) 100vw, 300px\" \/><\/div><a class=\"wp-block-latest-posts__post-title\" href=\"https:\/\/dl-nordwest.com\/index.php\/2020\/05\/14\/radioddity-gd77-opengd77-als-hotspot-am-windows-rechner-mit-mmdvmhost-oder-mit-bluedv-software\/\">Radioddity GD77 (OpenGD77) als Hotspot am Windows Rechner mit MMDVMhost oder mit BlueDV- Software!<\/a><time datetime=\"2020-05-14T09:23:42+02:00\" class=\"wp-block-latest-posts__post-date\">14. Mai 2020<\/time><\/li>\n<li><a class=\"wp-block-latest-posts__post-title\" href=\"https:\/\/dl-nordwest.com\/index.php\/2020\/05\/13\/bluedv-windows-c4fm-jetzt-auch-sendeseitig\/\">BlueDV Windows &#8211; C4FM jetzt auch sendeseitig!<\/a><time datetime=\"2020-05-13T16:06:48+02:00\" class=\"wp-block-latest-posts__post-date\">13. Mai 2020<\/time><\/li>\n<li><div class=\"wp-block-latest-posts__featured-image alignleft\"><img loading=\"lazy\" decoding=\"async\" width=\"300\" height=\"184\" src=\"https:\/\/dl-nordwest.com\/wp-content\/uploads\/2024\/01\/gd77-hotspot_title-300x184.jpg\" class=\"attachment-medium size-medium wp-post-image\" alt=\"\" style=\"\" srcset=\"https:\/\/dl-nordwest.com\/wp-content\/uploads\/2024\/01\/gd77-hotspot_title-300x184.jpg 300w, https:\/\/dl-nordwest.com\/wp-content\/uploads\/2024\/01\/gd77-hotspot_title-768x472.jpg 768w, https:\/\/dl-nordwest.com\/wp-content\/uploads\/2024\/01\/gd77-hotspot_title-825x510.jpg 825w, https:\/\/dl-nordwest.com\/wp-content\/uploads\/2024\/01\/gd77-hotspot_title.jpg 968w\" sizes=\"auto, (max-width: 300px) 100vw, 300px\" \/><\/div><a class=\"wp-block-latest-posts__post-title\" href=\"https:\/\/dl-nordwest.com\/index.php\/2020\/05\/10\/radioddity-gd-77-als-hotspot-modifizieren\/\">Radioddity GD-77 mit Pi-Star als Hotspot nutzen<\/a><time datetime=\"2020-05-10T05:51:40+02:00\" class=\"wp-block-latest-posts__post-date\">10. Mai 2020<\/time><\/li>\n<li><a class=\"wp-block-latest-posts__post-title\" href=\"https:\/\/dl-nordwest.com\/index.php\/2020\/05\/08\/xlx421-news-vom-08-05-2020\/\">XLX421 News vom 08.05.2020<\/a><time datetime=\"2020-05-08T16:22:41+02:00\" class=\"wp-block-latest-posts__post-date\">8. Mai 2020<\/time><\/li>\n<li><a class=\"wp-block-latest-posts__post-title\" href=\"https:\/\/dl-nordwest.com\/index.php\/2020\/05\/07\/icom-bilderaustausch\/\">ICOM Bilderaustausch<\/a><time datetime=\"2020-05-07T05:17:22+02:00\" class=\"wp-block-latest-posts__post-date\">7. Mai 2020<\/time><\/li>\n<li><a class=\"wp-block-latest-posts__post-title\" href=\"https:\/\/dl-nordwest.com\/index.php\/2020\/04\/27\/abschaltung-der-reflektoren\/\">Abschaltung der Reflektoren<\/a><time datetime=\"2020-04-27T06:41:13+02:00\" class=\"wp-block-latest-posts__post-date\">27. April 2020<\/time><\/li>\n<li><div class=\"wp-block-latest-posts__featured-image alignleft\"><img loading=\"lazy\" decoding=\"async\" width=\"300\" height=\"184\" src=\"https:\/\/dl-nordwest.com\/wp-content\/uploads\/2024\/01\/pistar-crossmode_title-300x184.jpg\" class=\"attachment-medium size-medium wp-post-image\" alt=\"\" style=\"\" srcset=\"https:\/\/dl-nordwest.com\/wp-content\/uploads\/2024\/01\/pistar-crossmode_title-300x184.jpg 300w, https:\/\/dl-nordwest.com\/wp-content\/uploads\/2024\/01\/pistar-crossmode_title-768x472.jpg 768w, https:\/\/dl-nordwest.com\/wp-content\/uploads\/2024\/01\/pistar-crossmode_title-825x510.jpg 825w, https:\/\/dl-nordwest.com\/wp-content\/uploads\/2024\/01\/pistar-crossmode_title.jpg 968w\" sizes=\"auto, (max-width: 300px) 100vw, 300px\" \/><\/div><a class=\"wp-block-latest-posts__post-title\" href=\"https:\/\/dl-nordwest.com\/index.php\/2020\/04\/25\/cross-mode-mit-pi-star\/\">Cross-Mode mit Pi-Star<\/a><time datetime=\"2020-04-25T07:50:02+02:00\" class=\"wp-block-latest-posts__post-date\">25. April 2020<\/time><\/li>\n<li><a class=\"wp-block-latest-posts__post-title\" href=\"https:\/\/dl-nordwest.com\/index.php\/2020\/04\/24\/news-xlx421-vom-24-04-2020\/\">News XLX421 vom 24.04.2020<\/a><time datetime=\"2020-04-24T04:44:56+02:00\" class=\"wp-block-latest-posts__post-date\">24. April 2020<\/time><\/li>\n<li><div class=\"wp-block-latest-posts__featured-image alignleft\"><img loading=\"lazy\" decoding=\"async\" width=\"300\" height=\"184\" src=\"https:\/\/dl-nordwest.com\/wp-content\/uploads\/2024\/01\/ham-clock_title-300x184.jpg\" class=\"attachment-medium size-medium wp-post-image\" alt=\"\" style=\"\" srcset=\"https:\/\/dl-nordwest.com\/wp-content\/uploads\/2024\/01\/ham-clock_title-300x184.jpg 300w, https:\/\/dl-nordwest.com\/wp-content\/uploads\/2024\/01\/ham-clock_title-768x472.jpg 768w, https:\/\/dl-nordwest.com\/wp-content\/uploads\/2024\/01\/ham-clock_title-825x510.jpg 825w, https:\/\/dl-nordwest.com\/wp-content\/uploads\/2024\/01\/ham-clock_title.jpg 968w\" sizes=\"auto, (max-width: 300px) 100vw, 300px\" \/><\/div><a class=\"wp-block-latest-posts__post-title\" href=\"https:\/\/dl-nordwest.com\/index.php\/2020\/04\/15\/ham-clock-von-elwood-downey-wbooew\/\">Ham Clock von Elwood Downey, WB\u00d8OEW<\/a><time datetime=\"2020-04-15T13:20:43+02:00\" class=\"wp-block-latest-posts__post-date\">15. April 2020<\/time><\/li>\n<li><a class=\"wp-block-latest-posts__post-title\" href=\"https:\/\/dl-nordwest.com\/index.php\/2020\/04\/14\/p25-nxdn\/\">P25 und NXDN<\/a><time datetime=\"2020-04-14T05:38:00+02:00\" class=\"wp-block-latest-posts__post-date\">14. April 2020<\/time><\/li>\n<li><a class=\"wp-block-latest-posts__post-title\" href=\"https:\/\/dl-nordwest.com\/index.php\/2020\/03\/29\/neue-homepage-dl-nordwest-2-0\/\">Neue Homepage DL-Nordwest 2.0<\/a><time datetime=\"2020-03-29T08:43:26+02:00\" class=\"wp-block-latest-posts__post-date\">29. M\u00e4rz 2020<\/time><\/li>\n<li><a class=\"wp-block-latest-posts__post-title\" href=\"https:\/\/dl-nordwest.com\/index.php\/2020\/03\/22\/wires-x-pdn-mode\/\">WIRES-X PDN Mode<\/a><time datetime=\"2020-03-22T07:02:20+01:00\" class=\"wp-block-latest-posts__post-date\">22. M\u00e4rz 2020<\/time><\/li>\n<li><div class=\"wp-block-latest-posts__featured-image alignleft\"><img loading=\"lazy\" decoding=\"async\" width=\"300\" height=\"184\" src=\"https:\/\/dl-nordwest.com\/wp-content\/uploads\/2024\/01\/os-xlx-dmr_title-300x184.jpg\" class=\"attachment-medium size-medium wp-post-image\" alt=\"\" style=\"\" srcset=\"https:\/\/dl-nordwest.com\/wp-content\/uploads\/2024\/01\/os-xlx-dmr_title-300x184.jpg 300w, https:\/\/dl-nordwest.com\/wp-content\/uploads\/2024\/01\/os-xlx-dmr_title-768x472.jpg 768w, https:\/\/dl-nordwest.com\/wp-content\/uploads\/2024\/01\/os-xlx-dmr_title-825x510.jpg 825w, https:\/\/dl-nordwest.com\/wp-content\/uploads\/2024\/01\/os-xlx-dmr_title.jpg 968w\" sizes=\"auto, (max-width: 300px) 100vw, 300px\" \/><\/div><a class=\"wp-block-latest-posts__post-title\" href=\"https:\/\/dl-nordwest.com\/index.php\/2020\/03\/22\/openspot\/\">XLX-Zugang mit openSPOT in DMR<\/a><time datetime=\"2020-03-22T06:50:05+01:00\" class=\"wp-block-latest-posts__post-date\">22. M\u00e4rz 2020<\/time><\/li>\n<li><div class=\"wp-block-latest-posts__featured-image alignleft\"><img loading=\"lazy\" decoding=\"async\" width=\"300\" height=\"184\" src=\"https:\/\/dl-nordwest.com\/wp-content\/uploads\/2024\/01\/nano-vna_title-300x184.jpg\" class=\"attachment-medium size-medium wp-post-image\" alt=\"\" style=\"\" srcset=\"https:\/\/dl-nordwest.com\/wp-content\/uploads\/2024\/01\/nano-vna_title-300x184.jpg 300w, https:\/\/dl-nordwest.com\/wp-content\/uploads\/2024\/01\/nano-vna_title-768x472.jpg 768w, https:\/\/dl-nordwest.com\/wp-content\/uploads\/2024\/01\/nano-vna_title-825x510.jpg 825w, https:\/\/dl-nordwest.com\/wp-content\/uploads\/2024\/01\/nano-vna_title.jpg 968w\" sizes=\"auto, (max-width: 300px) 100vw, 300px\" \/><\/div><a class=\"wp-block-latest-posts__post-title\" href=\"https:\/\/dl-nordwest.com\/index.php\/2020\/03\/22\/nanovna-meine-erfahrungen\/\">NanoVNA &#8211; Erfahrungsbericht<\/a><time datetime=\"2020-03-22T06:28:43+01:00\" class=\"wp-block-latest-posts__post-date\">22. M\u00e4rz 2020<\/time><\/li>\n<li><div class=\"wp-block-latest-posts__featured-image alignleft\"><img loading=\"lazy\" decoding=\"async\" width=\"300\" height=\"184\" src=\"https:\/\/dl-nordwest.com\/wp-content\/uploads\/2024\/01\/diy-hotspot_title2-300x184.jpg\" class=\"attachment-medium size-medium wp-post-image\" alt=\"\" style=\"\" srcset=\"https:\/\/dl-nordwest.com\/wp-content\/uploads\/2024\/01\/diy-hotspot_title2-300x184.jpg 300w, https:\/\/dl-nordwest.com\/wp-content\/uploads\/2024\/01\/diy-hotspot_title2-768x472.jpg 768w, https:\/\/dl-nordwest.com\/wp-content\/uploads\/2024\/01\/diy-hotspot_title2-825x510.jpg 825w, https:\/\/dl-nordwest.com\/wp-content\/uploads\/2024\/01\/diy-hotspot_title2.jpg 968w\" sizes=\"auto, (max-width: 300px) 100vw, 300px\" \/><\/div><a class=\"wp-block-latest-posts__post-title\" href=\"https:\/\/dl-nordwest.com\/index.php\/2020\/03\/22\/mmdvm-wir-bauen-uns-einen-schicken-hotspot\/\">MMDVM &#8211; Wir bauen uns einen schicken Hotspot<\/a><time datetime=\"2020-03-22T05:37:09+01:00\" class=\"wp-block-latest-posts__post-date\">22. M\u00e4rz 2020<\/time><\/li>\n<li><a class=\"wp-block-latest-posts__post-title\" href=\"https:\/\/dl-nordwest.com\/index.php\/2020\/03\/22\/dv4mini\/\">DV4mini<\/a><time datetime=\"2020-03-22T04:37:53+01:00\" class=\"wp-block-latest-posts__post-date\">22. M\u00e4rz 2020<\/time><\/li>\n<li><a class=\"wp-block-latest-posts__post-title\" href=\"https:\/\/dl-nordwest.com\/index.php\/2020\/03\/15\/dv4mini-update\/\">DV4mini Update<\/a><time datetime=\"2020-03-15T09:33:34+01:00\" class=\"wp-block-latest-posts__post-date\">15. M\u00e4rz 2020<\/time><\/li>\n<li><a class=\"wp-block-latest-posts__post-title\" href=\"https:\/\/dl-nordwest.com\/index.php\/2020\/03\/15\/peanut-app-by-pa7lim\/\">PEANUT APP by PA7LIM<\/a><time datetime=\"2020-03-15T09:30:27+01:00\" class=\"wp-block-latest-posts__post-date\">15. M\u00e4rz 2020<\/time><\/li>\n<li><a class=\"wp-block-latest-posts__post-title\" href=\"https:\/\/dl-nordwest.com\/index.php\/2020\/03\/15\/telegram\/\">Telegram<\/a><time datetime=\"2020-03-15T09:29:54+01:00\" class=\"wp-block-latest-posts__post-date\">15. M\u00e4rz 2020<\/time><\/li>\n<\/ul>","protected":false},"excerpt":{"rendered":"<p>Hier findet ihr \u00e4ltere Beitr\u00e4ge<\/p>\n","protected":false},"author":1,"featured_media":0,"parent":0,"menu_order":0,"comment_status":"closed","ping_status":"closed","template":"","meta":{"rop_custom_images_group":[],"rop_custom_messages_group":[],"rop_publish_now":"initial","rop_publish_now_accounts":[],"rop_publish_now_history":[],"rop_publish_now_status":"pending","footnotes":""},"class_list":["post-1684","page","type-page","status-publish","hentry"],"_links":{"self":[{"href":"https:\/\/dl-nordwest.com\/index.php\/wp-json\/wp\/v2\/pages\/1684","targetHints":{"allow":["GET"]}}],"collection":[{"href":"https:\/\/dl-nordwest.com\/index.php\/wp-json\/wp\/v2\/pages"}],"about":[{"href":"https:\/\/dl-nordwest.com\/index.php\/wp-json\/wp\/v2\/types\/page"}],"author":[{"embeddable":true,"href":"https:\/\/dl-nordwest.com\/index.php\/wp-json\/wp\/v2\/users\/1"}],"replies":[{"embeddable":true,"href":"https:\/\/dl-nordwest.com\/index.php\/wp-json\/wp\/v2\/comments?post=1684"}],"version-history":[{"count":0,"href":"https:\/\/dl-nordwest.com\/index.php\/wp-json\/wp\/v2\/pages\/1684\/revisions"}],"wp:attachment":[{"href":"https:\/\/dl-nordwest.com\/index.php\/wp-json\/wp\/v2\/media?parent=1684"}],"curies":[{"name":"wp","href":"https:\/\/api.w.org\/{rel}","templated":true}]}}